.
319
Calculate the greatest common factor of 22 and 5018904.
22
Calculate the highest common factor of 45 and 1200663.
9
Calculate the highest common divisor of 2973584 and 144.
16
What is the highest common factor of 87882 and 38958?
906
Calculate the highest common divisor of 3275 and 6419.
131
What is the highest common divisor of 12935 and 221?
13
Calculate the greatest common factor of 81 and 2398572.
81
Calculate the highest common divisor of 313294 and 36768.
766
Calculate the greatest common factor of 61 and 90707.
61
Calculate the greatest common factor of 45 and 1611720.
45
What is the greatest common factor of 364 and 301028?
364
What is the highest common divisor of 2257 and 13847?
61
Calculate the highest common divisor of 1957 and 1007.
19
What is the greatest common divisor of 3 and 13785?
3
What is the highest common factor of 37806 and 24?
6
What is the highest common divisor of 289 and 170?
17
What is the greatest common factor of 33 and 2556?
3
Calculate the greatest common factor of 2597 and 2401.
49
Calculate the greatest common divisor of 1088 and 2414.
34
Calculate the greatest common factor of 542729 and 11.
11
What is the highest common divisor of 94188 and 169338?
1002
What is the greatest common factor of 1147 and 118733?
37
What is the greatest common factor of 1 and 2267?
1
What is the highest common factor of 130996 and 20?
4
What is the highest common divisor of 159764 and 154?
22
What is the greatest common divisor of 1349 and 152?
19
What is the highest common factor of 2631888 and 147?
147
Calculate the greatest common factor of 186 and 1501826.
62
What is the greatest common factor of 33 and 11968?
11
What is the highest common divisor of 508 and 715010?
254
Calculate the greatest common factor of 9503 and 663.
221
Calculate the highest common divisor of 378 and 402444.
126
What is the greatest common divisor of 221 and 2539069?
221
Calculate the highest common factor of 13 and 98657.
13
Calculate the greatest common factor of 499149 and 3325.
133
Calculate the highest common divisor of 666 and 94202.
74
Calculate the greatest common divisor of 177062 and 1784.
446
Calculate the greatest common divisor of 1325029 and 1004.
251
What is the highest common factor of 64 and 56128?
64
Calculate the greatest common factor of 5292 and 56.
28
What is the greatest common factor of 3175 and 1850?
25
Calculate the highest common factor of 391 and 98821.
17
Calculate the greatest common divisor of 756042 and 84.
42
What is the highest common divisor of 572039 and 2449?
79
What is the greatest common factor of 24 and 5700?
12
Calculate the highest common divisor of 16089 and 279.
93
Calculate the greatest common factor of 23045 and 385.
55
What is the greatest common factor of 60326 and 31?
31
What is the highest common divisor of 2686 and 5846?
158
What is the greatest common divisor of 790 and 13225390?
790
Calculate the highest common factor of 107818 and 71393.
1457
What is the greatest common factor of 122303 and 665?
19
What is the greatest common factor of 11 and 3593491?
11
What is the highest common divisor of 4669664 and 32?
32
What is the highest common factor of 127078 and 56?
14
Calculate the greatest common divisor of 25 and 15385.
5
What is the highest common factor of 285563 and 559?
43
What is the highest common divisor of 263 and 699317?
263
What is the highest common factor of 20 and 16370?
10
What is the greatest common divisor of 5 and 128165?
5
What is the highest common factor of 114678 and 276?
138
What is the highest common divisor of 2581763 and 129?
43
What is the highest common divisor of 168 and 288428?
28
Calculate the greatest common divisor of 1989 and 126360.
117
What is the greatest common divisor of 424 and 6254?
106
What is the highest common factor of 2786 and 24066?
14
Calculate the highest common factor of 1716 and 417612.
156
Calculate the greatest common factor of 2782 and 3146.
26
What is the highest common factor of 762 and 11938?
254
Calculate the highest common divisor of 424 and 1643.
53
Calculate the highest common divisor of 33 and 4213.
11
Calculate the greatest common divisor of 36577 and 2054.
79
What is the highest common factor of 3808006 and 978?
326
What is the highest common factor of 156 and 1014234?
78
Calculate the highest common factor of 84 and 1500.
12
What is the greatest common divisor of 260 and 401780?
20
Calculate the highest common divisor of 3410 and 80.
10
Calculate the highest common divisor of 1032 and 563988.
516
Calculate the highest common divisor of 2436 and 420.
84
What is the highest common divisor of 168 and 2604?
84
Calculate the greatest common factor of 8 and 446536.
8
What is the highest common divisor of 390 and 96980?
130
What is the highest common factor of 1252227 and 142?
71
Calculate the greatest common divisor of 72110 and 40.
10
What is the highest common factor of 1256 and 67510?
314
What is the greatest common divisor of 7852 and 52?
52
What is the highest common divisor of 210 and 1268736?
42
Calculate the greatest common divisor of 56883 and 603.
201
What is the highest common divisor of 1612013 and 39?
13
What is the highest common divisor of 2271 and 5865?
3
Calculate the highest common factor of 791 and 22897.
7
What is the greatest common factor of 450 and 2536470?
90
What is the highest common divisor of 84064 and 481?
37
What is the greatest common divisor of 508 and 21872?
4
Calculate the greatest common factor of 210 and 134470.
70
Calculate the highest common factor of 140 and 5740.
140
What is the highest common divisor of 123 and 2419?
41
Calculate the highest common factor of 1908 and 16006.
106
Calculate the highest common divisor of 201672 and 144.
72
What is the greatest common factor of 118116 and 442?
34
Calculate the highest common divisor of 26388 and 1308.
12
Calculate the highest common factor of 1284 and 2364.
12
Calculate the highest common divisor of 1160250 and 3500.
1750
What is the greatest common divisor of 15276 and 31155?
201
What is the greatest common divisor of 378 and 2116800?
378
What is the highest common factor of 7550 and 24?
2
Calculate the greatest common divisor of 56764 and 184.
92
Calculate the highest common factor of 902 and 198.
22
What is the greatest common divisor of 1311 and 828?
69
What is the highest common factor of 129 and 307407?
129
Calculate the highest common divisor of 941838 and 474.
474
What is the highest common divisor of 69065 and 36670?
95
What is the greatest common factor of 440657 and 1666?
833
What is the greatest common divisor of 169156 and 494?
26
Calculate the greatest common divisor of 48830 and 87970.
190
What is the highest common factor of 103 and 48719?
103
What is the highest common divisor of 7153 and 23?
23
What is the greatest common divisor of 2639331 and 67?
67
Calculate the highest common divisor of 276 and 178779.
69
What is the greatest common divisor of 24 and 1857912?
24
What is the greatest common divisor of 13048 and 224?
56
Calculate the greatest common factor of 31 and 102641.
31
Calculate the highest common factor of 4037 and 23488.
367
Calculate the highest common divisor of 1520 and 3120.
80
Calculate the highest common divisor of 626652 and 2704.
676
What is the greatest common divisor of 57 and 43377?
57
Calculate the highest common divisor of 2268 and 15228.
324
What is the highest common divisor of 496 and 22?
2
Calculate the highest common divisor of 1788 and 991744.
596
What is the highest common factor of 182 and 12649?
91
What is the greatest common factor of 327303 and 1107?
369
What is the greatest common divisor of 596501 and 1535?
307
What is the highest common divisor of 172 and 121948?
172
Calculate the highest common divisor of 976 and 4578416.
976
Calculate the greatest common factor of 430 and 8858.
86
Calculate the highest common divisor of 41384 and 154.
14
Calculate the highest common factor of 59624 and 58.
58
Calculate the greatest common divisor of 4206 and 894.
6
What is the highest common factor of 12532 and 629492?
964
Calculate the highest common divisor of 273 and 31577.
91
What is the greatest common factor of 168 and 1038688?
56
What is the highest common divisor of 36 and 4743?
9
Calculate the grea